2336. Let s = 286 - -66. Calculate the greatest common divisor of y and s.
32
Suppose 0 = -74*f + 91*f - 7106. What is the highest common factor of f and 308?
22
Let v be ((-24)/(-28)*14/10)/(18/960). Suppose 696 = 3*a + 2*a - 4*u, u = -3*a + 421. Suppose 4*i - a = 52. What is the greatest common factor of i and v?
16
Suppose 524*g + 2130 = 529*g. Suppose 2626 = 11*q + g. What is the greatest common factor of q and 125?
25
Let i(p) = p**2. Let v be i(-2). Suppose t - 4*h = -v, 10*t - 5*t - 46 = -2*h. Suppose 6*j = j + 20. What is the highest common divisor of t and j?
4
Suppose -1155*k - 227409 = -1246*k. What is the highest common factor of 1190 and k?
119
Let u(v) = 5*v + 178. Let w be u(-43). Let j(x) = -x**2 - 40*x + 81. Let i be j(w). What is the greatest common factor of 12 and i?
12
Let s be (28/10)/(7 - 306/45). Let f(n) = -13*n**3 + n**2 + 2*n + 2. Let y be f(-1). Calculate the highest common divisor of s and y.
14
Suppose -a + 3*l = -0*l + 11, 0 = -4*a - 5*l - 10. Let p be ((-24)/a)/(62/465). What is the greatest common divisor of p and 36?
36
Suppose -2*m - 21*c + 19*c = -20862, 7*c - 7 = 0. Calculate the greatest common divisor of m and 14.
14
Let w be (40 + 0)*(-25)/(-50). Suppose -2*t = -t + 2*s, 3*t + s - w = 0. Let u be (-2 - (-14)/5)*20. What is the greatest common divisor of u and t?
8
Suppose -3 + 18 = 5*r. Let n = r + 1. Let g = -117 - -127. What is the greatest common factor of n and g?
2
Suppose -55 = -4*m + i + 61, m - 34 = -i. What is the greatest common divisor of m and 1290?
30
Let v be 0 - (5 - 1) - 2/((-54)/2673). Suppose 0 = -3*h - 2*h - 2*l + 295, -4*h + l = -223. What is the highest common divisor of h and v?
19
Let d be 53 + -30 + 40*43. Calculate the highest common factor of d and 166.
83
Suppose -2*b + 150 = -289*f + 285*f, -5*b + 4*f + 351 = 0. Calculate the highest common divisor of b and 2077.
67
Let n be 1/(0 - 4/(-1244)). Let f = n - -89. What is the greatest common divisor of 40 and f?
40
Let p = -3903 - -3911. Calculate the highest common divisor of 7696 and p.
8
Suppose 5*k - 3*a + 16 = 53, 4*a = 3*k - 31. Let w = -28108 - -28253. Calculate the highest common factor of k and w.
5
Suppose 3*y = 8*y - 25, -17 = s - 5*y. What is the greatest common factor of s and 864?
8
Suppose -2*b - 5*q + 150 = 0, -3*q = 5*b - 25 - 369. Suppose b - 30 = -2*d. Let z = 27 + d. What is the highest common divisor of z and 46?
2
Let b = 9716 + -9198. Calculate the greatest common factor of 1369 and b.
37
Let w be -1*4/(-7) + (-3892)/(-49). Let h(d) = 4*d**3 + 3*d**2 - 18*d + 39. Let l be h(3). What is the greatest common divisor of l and w?
40
Suppose -9*b + 247 - 13 = 0. Calculate the greatest common factor of b and 48.
2
Suppose -47*y - 55 = -102*y. Let b be 28/20 + 6/10. Suppose b*f - 3 - 3 = 0. Calculate the highest common factor of f and y.
1
Suppose 0 = -3*i - 4 - 26. Let p(f) = -2*f + 46. Let k be p(i). What is the greatest common divisor of 22 and k?
22
Suppose 9615 = 16*z - 2*z - 143. What is the highest common divisor of z and 493?
17
Suppose 0 = t + 12 - 3. Let g(n) = -3*n - 25. Let j be g(t). Let w be (416/48)/(j/(-6) - -1). Calculate the greatest common divisor of w and 65.
13
Let f be 51 + -3 + 0 - -4. Suppose -32 - f = -3*c. Let t(o) = 19*o - 11. Let d be t(5). Calculate the highest common divisor of d and c.
28
Suppose 0 = -9*c + 13*c - 2*b - 5738, 0 = 3*c - 2*b - 4303. Suppose c = -27*g + 34*g. Calculate the greatest common divisor of 123 and g.
41
Let a be 11/(4 - 1 - 4). Let m(p) = -p**2 - 10*p + 19. Let o be m(a). Calculate the greatest common factor of 140 and o.
4
Suppose -5*v = 27 + 43. Let d be (19/1)/(v + 13). Let s be (d + 1)/(6/(-4)). Calculate the greatest common divisor of 6 and s.
6
Suppose z + s + s - 363 = 0, -4*z + 5*s = -1387. Let q = z - 278. What is the greatest common factor of 75 and q?
75
Let d be (17 - 16)/(1/79). Suppose -88 = 4*q + 4*o, -4*q + 2*o = -3*o + d. Let k = -17 - q. Calculate the greatest common divisor of k and 10.
2
Let h be 8/(-3)*1638/364 - -24. Let p(b) be the first derivative of -2*b**2 + 8*b - 2. Let c be p(-7). What is the highest common factor of h and c?
12
Let i = 10887 + -10818. Calculate the highest common divisor of 3749 and i.
23
Suppose 0 = -4*h - 4*t - 112, -2*t + 0 + 2 = 0. Let y = 26 + h. Let j be ((y - -3) + 2)/(5/60). What is the greatest common factor of j and 6?
6
Suppose -r - 1 = 0, 0 = -3*l + 4*r + 1 - 0. Let p be -4*l/(-18) + (-552)/(-54). Let s be (336/p)/4*(-5)/(-2). What is the highest common divisor of s and 7?
7
Suppose -t + 4 = 3*j, 4*t = 3*j + t + 12. Let l be (3/(-6)*j)/(3 - 0). Let g be (l + 2)/(-9 - -7) + 111. Calculate the greatest common divisor of g and 44.
22
Let p = -2 - -2. Suppose k - 15 - 6 = p. Let d = 140776 + -140608. What is the greatest common divisor of d and k?
21
Suppose 7*p - 5*p + t = 9333, 5*p + 4*t = 23337. Calculate the highest common divisor of p and 15.
15
Let y be (-180)/135*2*(-2589)/4 + 1. What is the greatest common factor of 55 and y?
11
Let n(a) = -66*a - 36. Let b be n(1). Let f = 368 + b. What is the highest common factor of 7 and f?
7
Let l = -170 + 178. Suppose 4*d = l*d - 48. Calculate the highest common divisor of 96 and d.
12
Suppose 16*n - 110 - 354 = 0. Calculate the greatest common factor of n and 2.
1
Let m be 448/4*36/21. Let x = -102 + m. Suppose 0*u + x = 2*u. What is the highest common factor of 9 and u?
9
Let g(m) = 8*m + 35. Let o be g(-4). Suppose 4*i = -3*p + 170, o*p - 188 = -3*i - 23. What is the highest common factor of p and 25?
25
Suppose -11*a + 25*a = -11*a + 68175. What is the highest common factor of a and 404?
101
Suppose 33 + 15 = 4*r. Suppose -r*c = 65 - 185. Let x(p) = 19*p + 1. Let g be x(1). What is the greatest common divisor of g and c?
10
Let j = -7964 + 7977. Calculate the greatest common factor of 871 and j.
13
Suppose 4*q - 4*a = 196, -3*q + a + 144 = -3*a. What is the highest common divisor of 3172 and q?
52
Let q be 6*(2 + 7)*(-6525)/(-27). Let x be ((-3)/(-9))/((4 - -2)/q). Calculate the highest common divisor of 25 and x.
25
Suppose 283 + 275 = 9*f. Suppose n - 8 = 2*i + 15, -2*i - f = -4*n. Calculate the greatest common divisor of n and 169.
13
Let v be 2*2/(-10)*-20. Let c = -1007 + 1003. Let z = c + v. What is the highest common divisor of z and 44?
4
Let g be (-252)/(-16) + 2/8. Let m = 157 + -142. Let u be m/(-9) - (-101)/3. What is the highest common factor of g and u?
16
Let x = -12401 - -12414. Let b(n) = 6*n + 3. Let v be b(6). Calculate the highest common divisor of v and x.
13
Let c = 144 + 26. Suppose -35*l - 918 = -26*l. Let s = l + c. What is the greatest common factor of s and 4?
4
Suppose -3*a = -z + a - 16, -4*z + 2*a = 22. Let l(j) = -9*j - 14. Let d be l(z). Suppose 286 = 14*k + 132. What is the greatest common divisor of d and k?
11
Let p = -8157 + 8272. Let w = 45 - 22. Suppose 0*t = t - w. Calculate the highest common factor of p and t.
23
Let k be -3 - (4/(-8))/((-1)/(-6)). Suppose k = -4*g + 5*m - 13, m + 1 = -5*g + 4*g. Let x = 11 - g. Calculate the greatest common divisor of 26 and x.
13
Let a(x) be the second derivative of 1/6*x**3 + 0 + 7/2*x**2 + 27*x. Let n be a(17). Calculate the greatest common divisor of n and 96.
24
Let z = 33 - 29. Suppose 0*h + 6 = -3*h + 3*r, 5*r = z*h + 13. Suppose 0 = -4*c + c - p + 67, -c - h*p = -9. What is the highest common divisor of 168 and c?
24
Let s be 32/(-80) + 62/5. Let b be ((-3 - -2) + 3 - -78)/1. What is the highest common divisor of b and s?
4
Let w(f) = -15*f + 831. Let j be w(-3). Calculate the highest common factor of j and 36.
12
Let q = -24 + 57. Let p = q - 36. Let r = 26 + p. What is the highest common divisor of 92 and r?
23
Suppose -42*r + 7200 = -12*r. Let c = r + -180. Suppose -9 = -2*k + 3. What is the highest common factor of k and c?
6
Let d = 1418 + -1171. What is the greatest common factor of d and 91?
13
Let m(j) = j**3 - 22*j**2 + 40*j + 2. Let z be m(20). Suppose z*n = -2*y + 280, -n - y = -4*n + 404. What is the greatest common factor of n and 34?
34
Suppose 0 = -195*b + 35038 + 47837. What is the highest common factor of b and 2193?
17
Let v = 883 + -561. Let i = -280 + v. Let j = -9 - -72. What is the greatest common divisor of j and i?
21
Let s = 7 - -51. Suppose -2*i